by 30055.
417
Calculate the remainder when 1404 is divided by 194.
46
Calculate the remainder when 9859 is divided by 19.
17
Calculate the remainder when 1902 is divided by 116.
46
Calculate the remainder when 470 is divided by 446.
24
Calculate the remainder when 4279 is divided by 82.
15
Calculate the remainder when 29409 is divided by 7352.
1
What is the remainder when 2711827 is divided by 114?
109
What is the remainder when 110928 is divided by 261?
3
Calculate the remainder when 5637 is divided by 1680.
597
Calculate the remainder when 78689 is divided by 24.
17
What is the remainder when 130317 is divided by 73?
12
Calculate the remainder when 2645 is divided by 1309.
27
What is the remainder when 1666 is divided by 435?
361
What is the remainder when 16966 is divided by 87?
1
What is the remainder when 228 is divided by 224?
4
Calculate the remainder when 1429 is divided by 479.
471
What is the remainder when 5176 is divided by 5167?
9
Calculate the remainder when 267691 is divided by 169.
164
Calculate the remainder when 5179 is divided by 1243.
207
What is the remainder when 106819 is divided by 8?
3
What is the remainder when 10383 is divided by 1730?
3
Calculate the remainder when 2860 is divided by 2817.
43
What is the remainder when 169953 is divided by 705?
48
What is the remainder when 9147 is divided by 112?
75
Calculate the remainder when 40858 is divided by 531.
502
Calculate the remainder when 7783 is divided by 278.
277
Calculate the remainder when 18544 is divided by 81.
76
What is the remainder when 1687 is divided by 152?
15
What is the remainder when 23841 is divided by 1034?
59
What is the remainder when 607430 is divided by 3231?
2
What is the remainder when 4312 is divided by 1?
0
What is the remainder when 589 is divided by 201?
187
Calculate the remainder when 66651 is divided by 33.
24
Calculate the remainder when 565106 is divided by 630.
626
What is the remainder when 8167 is divided by 34?
7
What is the remainder when 3559 is divided by 492?
115
What is the remainder when 21784 is divided by 464?
440
Calculate the remainder when 563696 is divided by 80528.
0
Calculate the remainder when 42501 is divided by 44.
41
What is the remainder when 41539 is divided by 5?
4
What is the remainder when 10342 is divided by 181?
25
Calculate the remainder when 10279 is divided by 66.
49
What is the remainder when 61519 is divided by 18?
13
Calculate the remainder when 15375 is divided by 87.
63
Calculate the remainder when 7224 is divided by 2393.
45
Calculate the remainder when 189001 is divided by 8999.
22
Calculate the remainder when 39842 is divided by 19899.
44
Calculate the remainder when 17567 is divided by 16.
15
Calculate the remainder when 83169 is divided by 562.
555
What is the remainder when 15279 is divided by 142?
85
Calculate the remainder when 8849 is divided by 2934.
47
What is the remainder when 48124 is divided by 78?
76
Calculate the remainder when 59256 is divided by 8463.
15
Calculate the remainder when 65068 is divided by 163.
31
Calculate the remainder when 311 is divided by 108.
95
What is the remainder when 700071 is divided by 341?
339
Calculate the remainder when 36254 is divided by 103.
101
Calculate the remainder when 50078 is divided by 821.
818
Calculate the remainder when 5590 is divided by 321.
133
Calculate the remainder when 4232 is divided by 3069.
1163
What is the remainder when 97867 is divided by 364?
315
What is the remainder when 433 is divided by 65?
43
What is the remainder when 833 is divided by 797?
36
What is the remainder when 25209 is divided by 3601?
2
What is the remainder when 1013789 is divided by 719?
718
What is the remainder when 19511 is divided by 81?
71
Calculate the remainder when 865940 is divided by 9.
5
What is the remainder when 60066 is divided by 331?
155
What is the remainder when 26537 is divided by 2037?
56
Calculate the remainder when 584725 is divided by 62.
3
What is the remainder when 41512 is divided by 692?
684
What is the remainder when 169283 is divided by 270?
263
What is the remainder when 14904 is divided by 271?
270
What is the remainder when 10664 is divided by 148?
8
Calculate the remainder when 13944 is divided by 6959.
26
What is the remainder when 40035 is divided by 2224?
3
Calculate the remainder when 1400 is divided by 43.
24
Calculate the remainder when 3502 is divided by 54.
46
What is the remainder when 6374 is divided by 393?
86
What is the remainder when 11247 is divided by 10377?
870
What is the remainder when 351824 is divided by 50260?
4
What is the remainder when 149326 is divided by 257?
9
Calculate the remainder when 7466 is divided by 42.
32
What is the remainder when 1083906 is divided by 23?
8
What is the remainder when 13811 is divided by 186?
47
What is the remainder when 170643 is divided by 239?
236
Calculate the remainder when 30958 is divided by 13.
5
Calculate the remainder when 47782 is divided by 132.
130
Calculate the remainder when 3932 is divided by 3896.
36
Calculate the remainder when 520556 is divided by 173.
172
What is the remainder when 2389 is divided by 607?
568
Calculate the remainder when 9462 is divided by 628.
42
What is the remainder when 3586 is divided by 1051?
433
What is the remainder when 267453 is divided by 874?
9
Calculate the remainder when 4461 is divided by 634.
23
What is the remainder when 774 is divided by 77?
4
What is the remainder when 4921677 is divided by 23?
22
Calculate the remainder when 6768 is divided by 751.
9
Calculate the remainder when 16853 is divided by 159.
158
Calculate the remainder when 23114 is divided by 7661.
131
Calculate the remainder when 22186 is divided by 150.
136
Calculate the remainder when 51899 is divided by 60.
59
Calculate the remainder when 419461 is divided by 11.
9
What is the remainder when 400547 is divided by 40?
27
Calculate the remainder when 961 is divided by 455.
51
Calculate the remainder when 30959 is divided by 113.
110
Calculate the remainder when 1841 is divided by 32.
17
What is the remainder when 2497 is divided by 353?
26
Calculate the remainder when 6567 is divided by 6553.
14
Calculate the remainder when 17264 is divided by 3445.
39
Calculate the remainder when 15008 is divided by 1016.
784
What is the remainder when 14173 is divided by 184?
5
Calculate the remainder when 361564 is divided by 73.
68
Calculate the remainder when 9108 is divided by 23.
0
Calculate the remainder when 42895 is divided by 723.
238
Calculate the remainder when 957525 is divided by 319172.
9
Calculate the remainder when 854 is divided by 66.
62
Calculate the remainder when 10419 is divided by 18.
15
Calculate the remainder when 10140 is divided by 443.
394
What is the remainder when 3231 is divided by 72?
63
Calculate the remainder when 3464661 is divided by 1006.
1003
What is the remainder when 222299 is divided by 71?
69
What is the remainder when 463606 is divided by 6?
4
What is the remainder when 43930 is divided by 1992?
106
Calculate the remainder when 764 is divided by 108.
8
Calculate the remainder when 9494 is divided by 844.
210
Calculate the remainder when 997 is divided by 320.
37
What is the remainder when 1923 is divided by 72?
51
What is the remainder when 1833119 is divided by 40?
39
Calculate the remainder when 17373 is divided by 2893.
15
Calculate the remainder when 10823 is divided by 2172.
2135
Calculate the remainder when 21012 is divided by 4194.
42
What is the remainder when 2785 is divided by 2034?
751
Calculate the remainder when 101986 is divided by 122.
116
What is the remainder when 61171 is divided by 913?
0
What is the remainder when 586 is divided by 24?
10
What is the remainder when 30281 is divided by 5031?
95
Calculate the remainder when 21315 is divided by 3025.
140
Calculate the remainder when 22088 is divided by 6934.
1286
What is the remainder when 30013 is divided by 639?
619
Calculate the remainder when 10885 is divided by 10872.
13
Calculate the remainder when 172377 is divided by 773.
771
What is the remainder when 42806 is divided by 714?
680
What is the remainder when 18517 is divided by 235?
187
What is the remainder when 23704 is divided by 55?
54
What is the remainder when 517110 is divided by 513?
6